2205, y*m + 8*o = 3*o + 11055. Is m prime?
True
Suppose 4*a + 15 - 3 = 0, -4*k = 3*a - 30603. Is k a composite number?
True
Let g = 5244 - 2321. Is g a composite number?
True
Let g = 18 + -15. Is g/3*-1 + 584 + -2 a composite number?
True
Let j(o) = o**3 - 6*o**2 - 5*o - 8. Let y be j(8). Suppose y + 7 = t + 3*f, 2*t + 2*f = 170. Let s = t + -29. Is s composite?
True
Let h = 27263 + 7250. Suppose -6*i + h - 6787 = 0. Is i prime?
True
Let b = 2 + -23. Let i = b - -21. Suppose -7*h + 2*h + 4*o + 182 = i, 5*o = 2*h - 83. Is h a prime number?
False
Let g = 55 + -45. Suppose g*o = 5*o + 1515. Is o composite?
True
Suppose -g - 2*y = -333, -9*g + 672 = -7*g + y. Is g a composite number?
False
Suppose -19 = 5*o + 1, -2*o = 2*i - 1902. Is i prime?
False
Let i be (9/(-6))/((-6)/7908). Let k = -1268 + i. Is k prime?
True
Let v = 6518 - 1771. Is v composite?
True
Let y(f) = -f**2 - 4*f - 6. Let v be y(-5). Let b = v - -10. Let i(s) = -22*s**3 - s - 1. Is i(b) a prime number?
False
Suppose -2*l + 2327 = -0*c + 3*c, 4*l - 4642 = -2*c. Is l a composite number?
True
Let z = 646 - 1474. Let i = z - -1411. Is i prime?
False
Suppose -1220 = -4*g + 5*k - 10*k, 4*k = 0. Is g a prime number?
False
Suppose -3*w + 818 = -226. Let g = w + -11. Is g a prime number?
True
Let g(b) = 24606*b**2 + 18*b - 17. Is g(1) composite?
True
Let v = 165984 - 105703. Is v composite?
True
Let j(r) = 654*r - 4. Is j(17) prime?
False
Let h(i) = 26*i**2 - i - 5. Let r be h(-3). Suppose r = 5*y - y. Is y composite?
True
Suppose -5*p = 3*c + 2*c, 5 = -c. Let n be (4 - p)*10/2. Is ((-53)/n)/(3/15) prime?
True
Is (-6)/15*(-10)/(-4)*-7405 composite?
True
Let u = -50 - -60. Is (-4)/u - (-19164)/60 a composite number?
True
Let t = -1 - -4. Suppose u - h = t*h - 34, -5*u = -5*h + 125. Let f = 27 - u. Is f composite?
True
Suppose -887*w = -883*w - 2148. Is w composite?
True
Suppose -j + 4*x + 8 = 3, 5*x + 16 = -2*j. Let m(a) = -1 + 18*a**2 - 2*a + 2*a + 2*a. Is m(j) a composite number?
True
Suppose 3*m - 4*g = 25, -m + 4 = -5*g - 8. Let s be 2/m + 14/(-49). Suppose 6*a - 192 - 354 = s. Is a composite?
True
Let q = 248 - 113. Suppose -q = 4*j + j. Is (9/j)/(2/(-186)) prime?
True
Let w(r) = -17*r**3 + 15*r**2 - 7*r + 34. Is w(-13) a composite number?
False
Is 3905733/459 - 4/18 composite?
True
Let b(t) = 181*t**2 + 81*t - 23. Is b(11) a composite number?
False
Let y(k) = -k**3 - k**2 + 3*k - 2. Let v(o) = o**3 - 10*o**2 + 9*o - 3. Let w be v(9). Let t be y(w). Is (14/t)/((-2)/(-293)) prime?
True
Let h = -7944 - -3707. Let y = h + 7302. Is y composite?
True
Suppose 4*p = -2*o + 22, 0*p + 19 = 5*o - 2*p. Suppose 7*y - 265 = -5*n + 2*y, -3*n + o*y = -159. Is n composite?
False
Let m be 8/(-6)*(2 - 5). Suppose -t - 1677 = -m*t. Suppose 3*y + 4*c = t, -3*y + 2*c + 551 = -2*c. Is y a composite number?
True
Let q(v) = v**2 + v - 1. Let g(m) = m**3 + 20*m**2 + 18*m + 10. Let n(s) = g(s) - 3*q(s). Is n(-14) a prime number?
False
Let i be 4/(-7) + 156/28. Suppose 2*m = 4*g + 20, -m + 52 = 2*m + i*g. Is m a prime number?
False
Suppose 2*l - 41885 = 5201. Is l a prime number?
False
Let z(r) = r - 3. Suppose 3*o + 5 = 20. Let h be z(o). Suppose -5*d = -3*l - 3*d + 673, h*d = l - 227. Is l prime?
True
Let g = 83 - 77. Is -1077*(6/12 - 5/g) a composite number?
False
Suppose 238 - 13193 = -5*m. Let a = m - 4505. Is ((-7)/21)/(2/a) a prime number?
False
Let m = -2954 - -6663. Is m composite?
False
Let n(l) = -1298*l - 71. Is n(-8) a composite number?
False
Suppose x + 0*x - 2766 = 2*p, 4*p - 11028 = -4*x. Suppose 4*r + 2*a - x = 0, 3*a - 3447 = -5*r - a. Is r composite?
False
Let z(u) = 29*u**3 - 7*u**2 - 10*u + 53. Is z(7) composite?
False
Let p(q) = 48*q**2 - 52*q**2 - 27 + q**3 - 14*q - q. Is p(14) prime?
True
Let g be -1 + (10 + 0)*4248/15. Let j = g - 1192. Is j composite?
True
Let t = -1394 + 5521. Is t a prime number?
True
Let w = 115 - 124. Let r(y) = -2*y**3 + y**2 - 3*y - 7. Is r(w) a prime number?
True
Let y(n) = -n**2 - 11*n + 9. Let r be y(-9). Let h be r*((-8)/12 + 0). Is (-5378)/h + 12/54 a prime number?
False
Let k(v) = 4*v**2 + 19*v - 14. Let r(d) = -d**2 - d + 1. Let l(z) = -k(z) - 6*r(z). Let i be l(13). Let s = i + 34. Is s prime?
True
Suppose -16948 = -4*o + 2*n + 3*n, 4*o - 16948 = n. Is o prime?
False
Let q(m) = 205*m - 51. Is q(20) prime?
True
Let r(a) = a**3 - 5*a**2 - 5*a - 2. Let k be r(6). Let u(t) = t**3 + 19*t**2 + 13*t + 41. Let w be u(-8). Suppose 0 = k*i - 675 - w. Is i composite?
True
Let i(v) = 133*v**2 + 17*v - 4. Let a be i(4). Let c = a + -933. Is c prime?
True
Let p(r) = -150*r**3 - 1. Suppose 3*o + 7 = 2*x, -o + 6*o = -2*x + 15. Suppose -2*n - 5*v + 18 = 0, 0*n + x*n = 3*v - 17. Is p(n) composite?
False
Let z = -435 - -5704. Is z a composite number?
True
Suppose 0 = -5*b - 4*w + 22065, 7*b - 2*b - 5*w = 22065. Is b composite?
True
Is 4274 + (-12)/21 + (-765)/119 composite?
True
Let z be (4/5)/(24/(-60)). Let i = 8 + z. Is 9/i + (-1276)/(-8) prime?
False
Let z(f) = -f**3 - f**2 + 1. Let n(g) = 136*g**3 - 2*g**2 + 4. Let t(k) = -n(k) + 5*z(k). Suppose 2 + 4 = -3*p. Is t(p) a composite number?
False
Let q(l) = -12*l - 816 + 3*l**2 - l**2 + 823. Let g(c) = 7*c. Let b be g(1). Is q(b) prime?
False
Suppose 0 = -4*h + 5*h + 2043. Let t = -1166 - h. Is t prime?
True
Is (10414/(-246))/((-2)/1398) a prime number?
False
Is 4 + 3587 + (7 - 5) a prime number?
True
Let r be 6*12*(-19 + 1). Let s = 181 - r. Is s prime?
False
Let o(g) = 37 - 13 - 19 - 10 - 5*g + g**2. Is o(26) a prime number?
True
Let d(x) = 4619*x**2 + 2*x**3 + 5*x + 10 - 4623*x**2 + 0*x**3. Let h be 6 - (-1 - -2 - 0). Is d(h) composite?
True
Let v be ((2 - 2) + -71)*1*-1. Suppose 55*t = 56*t - v. Is t a composite number?
False
Let q(k) = 2*k**3 + 7*k**2 - 5*k + 2. Let t be q(-4). Suppose t*c - c - 325 = 0. Is c composite?
True
Let v(o) = 6*o**2 - 6*o + 1. Let p be v(-8). Suppose 4*n - 984 + 24 = 0. Let k = p + n. Is k prime?
True
Suppose c + 368 + 209 = 0. Suppose -5*p = -0*k - 2*k + 20, 4*p = -5*k + 116. Let g = k - c. Is g a prime number?
False
Let w = 16 + -13. Suppose -508 = 3*z + b, w*z + 4*b + 685 = 192. Let k = z - -298. Is k composite?
False
Let x(k) = k**3 + 4*k**2 - 4*k + 7. Let u be x(-5). Let f = 6 + u. Suppose -v + 6*h = h - f, -h = -v + 12. Is v composite?
False
Let s be (3/9)/((-3)/(-135)). Suppose 5*y - 5*m = -2*m + 15, 0 = -5*y - 3*m + s. Suppose 2*r + y = 17. Is r a prime number?
True
Let r = 43761 + -2890. Is r prime?
False
Suppose 16*n = 18*n - 166. Is n composite?
False
Let p(r) = 10*r**2 + r + 36. Is p(13) a prime number?
False
Suppose 4*v + 0*v - 47463 = -5*y, 3*y = 4*v + 28465. Is y a prime number?
True
Let i = 492 + -178. Is i a composite number?
True
Let a(g) = -188*g**3 - 7*g**2 - 38*g + 25. Is a(-6) prime?
True
Let k(c) be the third derivative of -8*c**6/15 + c**5/30 + c**4/24 + c**3/6 - 9*c**2. Is k(-2) a composite number?
True
Is (-10969)/((-60)/100 - (-4)/(-10)) a composite number?
True
Let m(v) = 249*v**2 - 2*v - 4. Let a be m(-2). Is (a + 2)*(-10)/(-4) a prime number?
False
Let u(s) = -37*s**2 - 6*s + 5. Let o(l) = 75*l**2 + 13*l - 11. Let t(n) = -6*o(n) - 13*u(n). Is t(4) a composite number?
True
Let h(k) = -15*k - 208. Let n be h(-20). Suppose -2*c - 2 = 0, -3*t = -t - 2*c - 14. Is (3 + 0)/(t/n) prime?
False
Let j = 74 - 53. Suppose 2*v - v - 7 = -4*s, -3*v = -2*s + j. Suppose -2*o = k - 153, -3 + 18 = -s*k. Is o prime?
True
Let o(a) = -a**2 + 10*a + 11. Let k be o(11). Suppose k = 4*c - 7*c + 318. Is c composite?
True
Let w(m) = -1425*m - 16. Is w(-9) composite?
False
Suppose 0 = -4*j - 2*s - 0*s + 30172, -2*j - 5*s = -15102. Is j a prime number?
True
Let o(l) = -l**2 + 12*l - 5. Let n be o(11). Suppose 16870 = 2*i + 2*r, 2*i + 2*i + 3*r - 33739 = 0. Suppose -40 = n*x - i. Is x composite?
False
Is (-3)/((-27)/4435) - (-12)/54 composite?
True
Let x(v) = 10*v + 9. Let z be (-2 + -2 - 3)*-1. Is x(z) composite?
False
Let g be -209*1/(-3)*-3. Let l be 13/52 - (-2382)/8. Let a = l + g. Is a a prime number?
True
Let q be 1 - (-4)/(-6) - (-95)/(-15). Is (3 + 1 + q)*(-397)/2 a composite number?
False
Let n = -3 + 3. Suppose n = 5*m - 5*l - 2545, m - 4*l - 88 = 421. Is m prime?
True
Is 1*(-5 + 2166 + -2) composite?
True
Let r(u) = -30*u**3 + u**2 - 4*u + 32. Is r(-5) a prime number?
False
Sup